5. Is w(30) composite?
True
Let v(u) = -3 + 2 - 54*u + 92*u. Suppose 0 = -5*z - 0 + 5. Is v(z) composite?
False
Let i = -9 + 12. Let s(n) = 26*n**2 - 5*n - 6. Is s(i) a prime number?
False
Suppose -12714 = -6*s + 4*s - 4*v, -25408 = -4*s + 2*v. Is s a prime number?
True
Suppose 17*o = -5*a + 22*o + 8545, 0 = -3*o + 6. Is a prime?
False
Suppose 0 = -m + 1, 0 = -4*k + 5*m + 47421 - 10858. Suppose -6*o + k = -4*o. Is o prime?
False
Let w be (-3 + 38/10)/((-2)/10). Is (-4616)/w + 3/(-1) composite?
False
Suppose -x - y + 1510 = 0, x - 6047 = -3*x + 3*y. Is x a composite number?
False
Let b = -409 + 281. Let k = b - -421. Is k a composite number?
False
Let d(j) = 165*j**2 - 14*j + 7. Let x(v) = -330*v**2 + 27*v - 14. Let n(t) = -11*d(t) - 6*x(t). Is n(4) a composite number?
True
Let t(i) be the third derivative of i**5/20 - i**4/3 - 11*i**3/6 + 8*i**2. Is t(-4) a prime number?
False
Let q = 14 + -9. Suppose 2*j = -n + 932, 0 = j - q*n - 189 - 288. Is j prime?
True
Let h(b) = -53*b. Let m be h(-3). Let x = 83 - m. Let y = x - -173. Is y a composite number?
False
Let s(z) = 38*z**2 + 3. Let w(u) = 2*u**2 - 45*u - 28. Let y be w(23). Is s(y) a prime number?
True
Let o(t) = t**2 + 3*t + 4. Let p = -15 + 12. Let q be o(p). Suppose -47 = -q*y + 45. Is y prime?
True
Let i(w) be the third derivative of w**5/30 + 4*w**3/3 + 7*w**2. Is i(5) composite?
True
Suppose -2*q + d = 5*d - 354, 0 = -4*q - d + 743. Is q a composite number?
True
Suppose 2413 = 2*h - 35275. Suppose 14*g + h = 18*g. Is g prime?
False
Let g = 976 + -487. Let j = g - 209. Suppose 190 + j = 2*k. Is k a composite number?
True
Suppose -7*d + 8559 + 23179 = 0. Is d prime?
False
Is ((-4)/(-3) - 1)*(57546 - 75) composite?
False
Let w(y) = y**3 + 13*y**2 - 4. Let a be w(-12). Suppose -2*j + 97 = 3*d, 3*d + 39 - a = 2*j. Is d a composite number?
True
Let w = 48 + -16. Let c = w - -47. Is c a prime number?
True
Suppose -6*h = -2*h. Let p(u) = -u**3 + h*u**2 + 2*u**2 + u**2 - 5 - u - 8*u**2. Is p(-6) a composite number?
False
Let o(c) = 8*c**3 + 4*c - 3. Let l be o(1). Suppose 6172 = -5*u + l*u. Is u prime?
True
Let n(r) = 12*r + 7. Let h(s) = 2*s**2 - 3*s - 7. Let u be h(-4). Suppose 4*m - u = 3. Is n(m) prime?
True
Let k be (0/(-1))/(-2 - -4). Let l = 42 + 18. Suppose k = -3*m + 117 + l. Is m prime?
True
Let x = -3397 - -5496. Is x composite?
False
Let y = -49 + 52. Suppose 760 = 2*z - l, 0 = -y*z - 2*l - 2*l + 1129. Is z a prime number?
True
Let v(o) = 26*o**3 + 15*o**2 - 3*o + 5. Is v(6) composite?
False
Let c = -48 + 34. Let p(x) = -x**2 - 13*x + 20. Is p(c) a prime number?
False
Let i(v) = v**3 - 28*v**2 + 15*v - 41. Is i(35) prime?
True
Suppose -35*b = -40*b + 5015. Is b a composite number?
True
Suppose -7*m + 6102 + 7541 = 0. Is m composite?
False
Let r(j) = -5*j**2 + 12*j + 17. Let h be r(7). Let q = 435 + h. Is q a prime number?
False
Let f(r) = 239*r**3 - 5*r**2 + 7*r - 5. Suppose 10 = -4*t + 9*t. Is f(t) a composite number?
False
Suppose -2*t = 8*t - 190. Suppose -t*q = -9146 + 1945. Is q a composite number?
False
Suppose -4*d + 5*l + 16449 = 0, -31459 + 10900 = -5*d + 4*l. Is d a composite number?
False
Let y = 20341 + -10983. Is y a composite number?
True
Let d be 16/(-20)*5/2. Is (-26 + 540)*(-1)/d prime?
True
Let i = 5 - -1. Suppose 4*z = g + 2*g - 13, 0 = -3*z + g - i. Is (9/3 - 62)/z a prime number?
True
Let s(p) = -p**3 - 5*p**2 + 3*p - 23. Let y be s(-10). Let o = y + -260. Is o composite?
True
Let g = 162 - 149. Suppose h = -0*h + 382. Suppose -g*b + 15*b = h. Is b prime?
True
Let b be ((-13)/(-4))/(13/52). Let l(j) = -66*j - 2. Let o be l(-1). Suppose b + o = x. Is x a composite number?
True
Let f(s) = 3*s**2 - 4*s - 2. Let h(c) = -4*c - 3. Let q be h(-2). Is f(q) prime?
True
Let s = 1159 + -598. Suppose 7*n = 4*n + s. Is n a prime number?
False
Let s = -64 + 100. Let f be 20/(-35) + s/14. Is 8/(-6)*(-381)/f a composite number?
True
Let l(i) = -i**3 - 7*i**2 + 7*i - 8. Let x be l(-8). Suppose -5*g + 4*g + 4 = x. Let r(n) = 3*n**2 - 3*n - 5. Is r(g) a composite number?
False
Suppose 0 = -4*c - 13*d + 652446, -5*c + 4*d + 815527 = 5*d. Is c a composite number?
True
Let a = 45 + -43. Let j(u) = 8*u + 46*u - 4 + 5. Is j(a) a prime number?
True
Let s(w) = w**3 + 17*w**2 - 12*w + 7. Let c be s(-9). Suppose o + 2*z - 256 = 0, 0*o - z + c = 3*o. Suppose x - o = -x. Is x a composite number?
False
Let b be -239 + -3*6/9. Let n = 121 - b. Is n a composite number?
True
Let y(f) = f**3 + 2*f**2 - f - 3. Let r be y(0). Let i be (-2)/r + 40/12. Suppose -1542 = -2*d - i*d. Is d a composite number?
False
Suppose -2 = 5*b - 17. Suppose 0 = -b*d + 2*f + 8467, -2*d - 4*f + 3455 = -2163. Is d a prime number?
True
Let s(o) = 9*o**2 + 321*o + 127. Is s(-57) composite?
False
Let x(l) = -l**2 - 8*l + 3. Let h be x(-10). Let q = -67 - h. Let j = -27 - q. Is j a prime number?
True
Let n(b) = 2*b**3 - 3*b**2 - 4. Suppose -3*z + 4 = 3*h - 17, 2*h + 2 = 2*z. Is n(h) a composite number?
False
Suppose -32 = -7*k + 10. Is 21082/26 - k/(-39) a composite number?
False
Let z = -9204 - -15589. Is z a prime number?
False
Let r(g) = g**3 - 5*g**2 - 8*g + 8. Let p(z) = -z**3 + 5*z**2 + 7*z - 7. Let v(w) = -6*p(w) - 5*r(w). Let b be v(9). Suppose -i - 3*i = -b. Is i prime?
False
Is (-6)/60*-10 + 19840 composite?
False
Suppose 272 = -2*f + 4*h, 2*f + 3*h + 268 - 10 = 0. Let a be (-114)/(-22) + 24/f. Suppose -170 = a*z - 1105. Is z a composite number?
True
Suppose 3*h + 19898 = 4*r + r, 0 = -3*r + 4*h + 11941. Is r prime?
False
Let b be -4 + 0 + -1 - 3. Let c = 9 + b. Is 4*(c + (-124)/(-16)) a composite number?
True
Let q(o) = -o**3 + 3*o**2 + o. Let s be q(3). Suppose -h + s*w - 4*w = -18, 0 = -2*h - w + 37. Suppose -14*k - 435 = -h*k. Is k prime?
False
Suppose -33*q = -35*q + 30202. Is q a prime number?
True
Let l = -6739 + 11360. Is l composite?
False
Let p(z) = z - 25. Let d be p(27). Suppose -7*v + 11975 = -d*v. Is v composite?
True
Suppose 0 = -0*n - 5*n + 20. Let q = 3427 - 816. Suppose -q = -n*z - 159. Is z prime?
True
Suppose 17 - 7 = -2*d. Suppose 3*m + 2*m = 20, -2*g - 2*m + 80 = 0. Let i = g + d. Is i prime?
True
Let s(l) = l**2 - 4*l + 17 - 3*l**2 + 5*l**2 + l**2. Is s(-13) a composite number?
True
Let m(h) = 17*h**2 + 24*h + 2. Is m(-27) composite?
True
Let k(o) = 31*o**2 - 75*o - 35. Is k(-22) a prime number?
True
Suppose 5*p + p - 105720 = 0. Let b = p + -11117. Is b composite?
True
Let j = 1255 + -744. Is j a composite number?
True
Let z(p) = -p**3 + 3*p**2 + 3*p + 5. Let q be z(4). Suppose -40 + 45 = -5*x. Is q/(2*x/(-502)) prime?
True
Is 77934/8 + (-215)/(-172) a composite number?
False
Suppose 4*n - 292001 = -11*l + 14*l, 292007 = 4*n + 3*l. Is n composite?
True
Suppose 0*c + 4 = 2*c. Suppose -4*g + 50360 = -f, 5*f - 50376 = -4*g + c*f. Is g/54 + (-1)/6 prime?
True
Suppose 18*l - 36619 = 37019. Is l a prime number?
True
Let b(u) be the third derivative of 1/8*u**4 + 1/120*u**6 + 3/20*u**5 + 0*u - 2*u**2 + 0 + 11/6*u**3. Is b(-8) a prime number?
False
Let p(k) = 1596*k - 505. Is p(16) composite?
False
Let c(v) = -3*v**3 - 3*v**2 + 4*v - 15. Is c(-5) a prime number?
False
Suppose -2*f - 2572 = -4*q - 580, -5*f = -5*q + 2485. Is q a composite number?
False
Suppose -59*x = -54*x + 20. Is (-1 + (-902)/x)*(10 - 8) prime?
True
Let w(y) = 4*y**2 + y - 1. Let d be w(3). Let m = d + 66. Is (5/(-4))/((-2)/m) composite?
True
Suppose 4*b - 21 = 55. Suppose -4*g - x + 6*x = -30, -3*g + 2*x + b = 0. Suppose 56 = g*h - 179. Is h composite?
False
Let z = 438 - -149. Is z prime?
True
Let u(f) = -f**3 - 8*f**2 - 8*f - 3. Let o be u(-7). Suppose 0*z + 5*z = -o*v - 4848, 5*z + 4836 = 2*v. Is (-1)/3 - z/6 a prime number?
False
Let x = -5112 + 38621. Is x a prime number?
False
Let f(g) = 3*g**2 - 3*g + 5. Let b be ((-4)/12)/((-3)/72). Suppose 6*r - 8*r = b. Is f(r) a composite number?
True
Let s(n) be the second derivative of -n**4/3 + n**3/3 + n**2 + 6*n. Let u be s(-6). Let w = -75 - u. Is w composite?
False
Suppose -2*i = -2*x + 1604, -3*x = -3*i - 8*x - 2446. Let u = i + -209. Is (u/(-12))/(4/6) composite?
False
Let d = -1016 + 6225. Is d prime?
True
Suppose 0*c - 393785 = -7*c. Is c prime?
False
Let w(h) = -18*h**2 - 3*h - 8. Let j be w(6). Is 1*(-1)/2*j a composite number?
False
Let n(w) = -w**2 - 2*w + 1. Let q 